*2 + 1. Let l(z) = -2*z**3 - z**2 + 1. Let j(f) = i*m(f) - l(f). Determine j(0).
-2
Let v(q) = -7*q**3 + 3*q**2 + 2*q + 6. Let t(y) = -16*y**3 + 5*y**2 + 5*y + 13. Let p(o) = 3*t(o) - 7*v(o). Calculate p(6).
3
Let p(y) be the second derivative of y**4/4 + y**3/2 - 3*y**2/2 + 144*y. Suppose -3*d + 9 = 3*n - 6*d, 5*n = -d + 9. What is p(n)?
15
Let w be (-36)/54 + (-17)/(-3). Suppose -y + w = 4*q - 12, -y + 2 = q. Let x(l) = l**2 + l - 6. Give x(q).
24
Let i(n) = 8*n - 18. Let z = 71 - 68. What is i(z)?
6
Let h(w) = w + 16. Let g be h(-11). Let o(i) = -2*i**2 + 8*i**2 + g + i**2 - 4*i**3 + 3*i**3. What is o(7)?
5
Let s(k) = k**2 - 4. Let l be s(3). Let a = -27 - -29. Let t(j) = 4*j**2 - 2 + 4 + 4*j - 3*j**3 + 0*j**3 + a*j**3. Determine t(l).
-3
Let b(c) = c**3 + 5*c**2 - c + 3. Let g = 387 + -392. Determine b(g).
8
Let c(i) be the third derivative of i**5/15 + i**4/6 + i**3/2 - 86*i**2. Let g be 1 + (0/2 - 3). What is c(g)?
11
Let r(g) = 4*g - 10. Let q(a) = -a - 1. Let c(w) = -2*q(w) - 2*r(w). Let x(f) = -4*f + 15. Let k(y) = -5*c(y) + 7*x(y). Calculate k(5).
5
Let j be (7/(175/(-30)))/((-4)/(-20)). Let w be ((-1)/(-3))/(j/72*4). Let f(m) = -24*m**2 + m + 1. What is f(w)?
-24
Let h be (-3 - -9)*16/6. Let a = h + -21. Let k(n) be the third derivative of n**6/120 + n**5/10 + 5*n**4/24 + n**3/2 + 2*n**2. What is k(a)?
3
Let c(x) = -45 + x**2 - 47 + 3*x + 93 - 3*x**3. Give c(-2).
23
Let x(c) = 4*c**2 - 3*c + 2. Let f = -34 + 59. Suppose -5*s + 3*i = 4*i - 27, 5*i - f = -3*s. Suppose -s*d - 2 + 12 = 0. Determine x(d).
12
Let f(w) = 4 + 37*w - 111*w + 33*w - w**2 + 32*w. Give f(-6).
22
Suppose 12*u + 25 = 11*u. Let n = u - -20. Let p(r) = r**2 + 4*r + 2. Give p(n).
7
Let t(p) = 0 + 5*p**2 + 2 - p**2 - 2*p**2. Let n(j) = -j**3 + 11*j**2 - 33*j + 22. Let i be n(4). Determine t(i).
10
Let u(c) = -c**3 - 7*c**2 + 3*c + 5. Let o(k) = -k - 11. Let v = -31 + 27. Let d be o(v). Give u(d).
-16
Let r(v) = -6*v - 5*v**2 - 3 + 2*v + 2*v**2 + v**3. What is r(4)?
-3
Let v(z) = -7*z**2 + 2*z. Let w be v(2). Let h = -27 - w. Let o(j) = j**2 + 2*j - 2. What is o(h)?
1
Let h(s) = 4 - 13 - s**2 - 3 + 6 - 4*s. Give h(-5).
-11
Suppose 0*g - 3*g = 2*b - 9, b + 3*g = 3. Let i be b + -2 + (-2 - -2). Let m(v) = v. What is m(i)?
4
Let n(r) = r**3 - 11*r**2 - 2*r + 16. Let v(u) = 4 - 2 - 12 + 3*u. Let b be v(7). What is n(b)?
-6
Let u(i) be the third derivative of -i**5/60 + 7*i**4/24 + 2*i**3/3 + 171*i**2. Let w be (-1)/1*(-1 + 1). Suppose w*k - 21 = -3*k. Calculate u(k).
4
Let s(y) = 4*y - 5*y + 0*y - 14. Suppose 4*x = x + 2*u + 178, -x + u = -58. Let p = 62 - x. What is s(p)?
-14
Suppose -3*v - 30 = -3*y, 45 = 3*y + 3*v - 15. Suppose -y = -16*r + 13*r. Let u(l) = -l**2 + 5*l + 1. Calculate u(r).
1
Let r(w) be the first derivative of -3*w**2/2 - 2*w - 1. Let v(l) = 36*l + 903. Let j be v(-25). What is r(j)?
-11
Let f(h) = h**3 - h**2 - 4*h - 3. Suppose -5 = 5*k - 5*a, -7*a + 32 = 3*k - 3*a. What is f(k)?
29
Let z be (12/(-8))/(9/12) + 50. Let i = z + -47. Let f(x) = 7*x**2 + 1. Determine f(i).
8
Let q(u) = -u**2 + 6*u - 9. Let y = -23 - -17. Let p be (-12)/(0 + y/4) + -2. Calculate q(p).
-9
Let z(w) = 3 + 9*w**3 + w**3 + w**2 + 2*w**2 - 11*w**3. Let c(a) = -16*a. Let f be c(3). Let q be 1/(-5) + f/(-15). What is z(q)?
3
Let p be -8*(4 + -3 + (-3)/6). Let d(j) = j**3 + 7*j**2 - 12*j - 12. Let v be d(-8). Let a be 68/v - p/(-10). Let w(y) = y. Calculate w(a).
3
Let l(z) = 8*z**2 + 2*z + 2. Let a be (-1)/((-8)/(-24)*3). Calculate l(a).
8
Let t(x) be the second derivative of -x**4/12 - 5*x**3/6 - 3*x**2/2 + 2*x. Suppose 15 = 8*y - 193. Suppose 28*h - y*h + 8 = 0. What is t(h)?
1
Let w(j) = -3*j**2 + 4*j + 3. Let p(l) = -l**3 - l**2 - l - 1. Let h(t) = p(t) + w(t). Let u = 2911 - 2915. Determine h(u).
-10
Let k(j) = j. Let v(u) = -u**2 - 4*u + 6. Let a be v(-6). Let q be a/(-5)*(-10)/(-3). Calculate k(q).
4
Suppose -88 = -7*r + 4*r - m, -4*r + 149 = -5*m. Let g = 72 - 41. Let f = g - r. Let b(t) = -t**3 - t**2 - 2. Calculate b(f).
-2
Suppose 0 = 11*f + 40 + 12 + 14. Let w(i) = 9*i - 15. Let t(y) = -5*y + 8. Let l(p) = 7*t(p) + 4*w(p). Calculate l(f).
-10
Let q(z) = 16*z - 1. Suppose 50 = -3*y + 47. Calculate q(y).
-17
Let c(t) = -2*t + 3. Let b(y) = -12*y + 13. Let x(i) = -b(i) + 4*c(i). Determine x(6).
23
Let k be (1 + -15)*(-11)/(-22). Let u = k - -6. Let j(x) be the first derivative of x**4/2 + x**2/2 + x - 20. Determine j(u).
-2
Suppose -5*l = l - 12. Let j(k) be the third derivative of -k**5/60 + k**4/24 + k**3/6 + 13*k**2. What is j(l)?
-1
Let t(z) = -z. Suppose 3*x = 6*x. What is t(x)?
0
Let c(x) = x - 1. Let p(m) = -5*m + 8. Let y(g) = 4*c(g) + p(g). Let q be y(5). Let d(o) = 6*o. Give d(q).
-6
Let s(m) = m**3 - 26*m**2 + 3*m - 74. Suppose -h + 2*k + 17 + 13 = 0, -4*h - 2*k + 100 = 0. What is s(h)?
4
Let z(b) = -3*b + 1. Let p be (-42)/(-28) + (-14)/4. Let l be (-2 - p - -6)*(-3)/9. Calculate z(l).
7
Let m(l) = 2*l + 6. Suppose -5*n - 93 = -3*o + 4*o, 2*n + 44 = 3*o. Let x = n + 15. What is m(x)?
-2
Let b(o) = -o**3 - 7*o**2 - o - 7. Suppose 45 = -11*z - 32. Determine b(z).
0
Let z(t) = t**3 + 11*t**2 - 41*t + 21. Suppose -56*k + 33*k - 322 = 0. What is z(k)?
7
Suppose 0 = -3*s + 41 + 37. Let u(f) = -19*f + 7 + 47*f - s*f. What is u(7)?
21
Let j(h) = -640*h**2 + 633*h**2 - 2 + 2*h**3 - h**3 + 0*h**3 + 5*h. Give j(4).
-30
Let h(n) = -4*n**3 + n**2 - 2*n - 3. Let r(t) = t**3 - t**2 + t. Let c(b) = h(b) + 5*r(b). Suppose -3*m - 5*m = 392. Let l = 51 + m. What is c(l)?
-5
Let z be 6/(-9)*12/(-8) + 0. Let k(s) = 42*s - 1. Calculate k(z).
41
Let m(d) = d**3 - 5*d**2 - 4*d - 2. Suppose -24 = -185*a + 181*a. What is m(a)?
10
Let z(g) = -g**2 - 13*g - 13. Suppose -3*b + 5*i = -5*b - 12, 3*b = 3*i - 39. Give z(b).
9
Let s(v) = 3*v + 3. Let k(q) = -18 + 7*q - 25 + 49. Let u(f) = -6*k(f) + 13*s(f). Give u(-3).
12
Let r(h) = h + 9. Suppose 32 = -2*b + 26. Let i be (17 + 1)*b/6. What is r(i)?
0
Let j(r) be the third derivative of -r**4/24 + 13*r**3/6 + 77*r**2. Determine j(7).
6
Let i(g) be the second derivative of g**3/6 + g**2/2 + 9*g. Suppose 6*x + 4*u = 3*x - 8, -4*u = 4*x + 4. Let t be 2/x + 8/(-16). Calculate i(t).
1
Let a(v) be the first derivative of -3*v**2/2 + 31*v + 737. What is a(6)?
13
Let r(d) be the third derivative of 0*d - 1/6*d**3 + 14*d**2 + 0 - 7/24*d**4. Calculate r(-1).
6
Let t = 49 - 55. Let u(l) = -l - 10. Let q(i) = 1. Let n(b) = t*q(b) + u(b). Give n(-11).
-5
Let r(n) = 21*n**3 + n. Let h be r(-1). Suppose 54 = 2*a + 2. Let x = h + a. Let b(g) = -g**2 + 2*g. What is b(x)?
-8
Let h(f) be the second derivative of f**5/60 + f**3/3 - f**2/2 - 18*f. Let k(s) be the first derivative of h(s). Calculate k(-4).
18
Let a(s) = s + 2. Let o(g) = g + 3. Let b(i) = 4*a(i) - 3*o(i). Let j be b(4). Let f(d) = d**3 - j - 1 - d**2 + 5. Give f(2).
5
Suppose 9*i - 32*i = -69. Let u(s) = -2*s - 6. Let x be u(-6). Let c(a) = x - 5*a + a - i. Calculate c(3).
-9
Let z = 43 - 23. Suppose 9*a - 5*a + z = 0. Let v(h) = h**3 + 6*h**2 + 5*h + 2. Give v(a).
2
Let p(b) be the first derivative of -b**4/4 - 4*b**3/3 - 10*b - 203. Determine p(-4).
-10
Let o(b) = -5*b + 2*b - 4*b + 3 - 1 + 5*b. What is o(1)?
0
Let s(i) = -2*i**3 - 5*i**2 - 3*i + 4. Suppose -11*n = -n + 30. Calculate s(n).
22
Let o(i) = 2 + 2*i**2 - 208*i - 6 + 2 + 4*i**3 + 207*i. Let j be o(-1). Let h(k) = -2*k + 1. Give h(j).
7
Let i be 19/7 - 2/(-7). Let a(x) = 4 + 6*x - i*x - 8*x + 0*x. Let l be a(2). Let n(g) = g**3 + 6*g**2 - 6. Calculate n(l).
-6
Let c = -763 + 775. Let l(h) = -h**2 + 12*h - 9. Calculate l(c).
-9
Let g = 8 - 6. Suppose 2*w + 18 = -4*h, 0 = h - g*h + 4*w. Let z(j) = 85*j**2 - 40*j**2 - 6*j - 42*j**2 + j**3 - 4. Determine z(h).
4
Let x be ((-4)/18)/(29/261)*2. Let g(s) = -s**3 - 3*s**2 - 2*s - 13. Determine g(x).
11
Suppose 0 = -5*b + n - 27, 0*b = -3*b - 2*n - 24. Let v be (-7 + 3)/(-4) - b. Suppose -5 = -v*z + 16. Let h(y) = -y. Determine h(z).
-3
Let z(g) = 6*g**2 + 2 - 4*g - 5 + 5*g. Let n(h) = -5*h**2 - h + 4. Let k(y) = 2*n(y) + 3*z(y). What is k(1)?
8
Let j(s) = 8*s + 27. Let f(o) = -6*o - 19. Let y(p) = -7*f(p) - 5*j(p). Determine y(2).
2
Let w(p) = -5*p + 1. Let a(v) = 11*v - 13*v + 1 - 7*v. Let n(u) = -4*a(u) + 7*w(u). Calculate n(-7).
-4
Let l(n) = n + 16. Let j be ((-2 + 4)*-3)/(-1). Let a(r